ed by n(z)?
2
Let q(w) = -w - 2. Let h be (2/(-2))/(1/(-7)). Let u be q(h). Let z = u - -13. What is the remainder when 7 is divided by z?
3
Let w(q) = -28*q - 8. Let k be w(-9). Suppose -k = -4*r - 0*r. What is the remainder when r is divided by 16?
13
Let n(j) = j**2 + 3*j + 1. Let l be n(5). Let y = -22 + l. Calculate the remainder when y is divided by 10.
9
Suppose 16 - 1 = 5*x. Suppose -4 - 5 = -x*a. Suppose 0*p - 8 = -2*q - p, 0 = p. What is the remainder when q is divided by a?
1
Suppose -5*b - c = -41, c - 11 = -b - 2*c. Calculate the remainder when b is divided by (-1 + 10)/(5 - 2).
2
Suppose k = -4*j + 64, 0 = j - 2*k - 3*k - 16. What is the remainder when 78 is divided by j?
14
Suppose -4*c = 14 + 18. Calculate the remainder when -2*(-6)/c*-26 is divided by 10.
9
Suppose -25 = 2*a - 3*a + 4*q, 2*a = 5*q + 41. Calculate the remainder when 34 is divided by a.
8
Suppose -16 = r - 22. What is the remainder when 19 is divided by r?
1
Suppose -2*y + 256 + 38 = 0. Calculate the remainder when y/7 + 0/2 is divided by 11.
10
Let y(g) = g + 17. Let x be y(-9). Let k = 14 + x. Calculate the remainder when k is divided by 12.
10
Suppose -5*h + 33 = -37. What is the remainder when 52 is divided by h?
10
Suppose -6*p + 2*p + 5*b + 55 = 0, -30 = -p - 2*b. Suppose x + 4*x - p = 0. What is the remainder when 6 is divided by x?
2
Suppose -l + 2*l + 4*u = 53, 2*l - u = 70. Let m = -35 + 51. Let f = m + -3. Calculate the remainder when l is divided by f.
11
Let u = 389 - 227. What is the remainder when u is divided by 15?
12
Suppose 0 = z - 4*z - 63. Let s = z + 30. What is the remainder when s is divided by 3?
0
Let q = 28 - 22. Let x(h) = -h**3 + 6*h**2 + 3*h - 3. Let c be x(6). Let v = c + -11. Calculate the remainder when q is divided by v.
2
Suppose -1 + 0 = -5*u + 4*y, -5*u + 8 = 3*y. Suppose 3*j - 39 = -9. Calculate the remainder when (58/(-4))/(u/(-2)) is divided by j.
9
Suppose 0 = 5*u - 3*u - 56. Suppose 2*h + 2 = 6. Suppose h*t - 6*t = -60. Calculate the remainder when u is divided by t.
13
Suppose -4*t + t = -39. Let s = 33 + -25. Calculate the remainder when t is divided by s.
5
What is the remainder when (-4 - 33/(-9))/(2/(-66)) is divided by 7?
4
Let r(t) = -t - 4. Let n be r(-7). Suppose 123 = -2*j + n*j. Calculate the remainder when 1/4 + j/4 is divided by 8.
7
Suppose 3*u - 41 = 64. Calculate the remainder when u is divided by 9.
8
Let i(d) = d**2 + d - 17. Calculate the remainder when i(-6) is divided by 4.
1
What is the remainder when (1 + -4)*(-23 + 3) is divided by 16?
12
Suppose 4*l - 2*l = 42. Suppose -4*a = 5*x, 0 = -x - 3*a - 2*a - l. What is the remainder when 11 is divided by x?
3
Calculate the remainder when 3/(-2)*-2 - -4 is divided by 2.
1
Suppose 4*t - 415 = -5*h, -3*h - 2*t = -7*t - 286. What is the remainder when h is divided by 31?
25
Suppose 0 = -2*q + 6 - 2. Let f be 2*(2 - (-3)/(-2)). Let x = q - f. What is the remainder when 1 is divided by x?
0
Let z be (-9)/(-2)*(-40)/(-6). Suppose 0 = -5*m + g + 20, -3*g - z = -5*m - 4*g. What is the remainder when 13 is divided by m?
3
Let d = -45 + 50. Calculate the remainder when 16 is divided by d.
1
Suppose y = 2*y - 73. Suppose 0 = 4*p - 185 + y. Let j(h) = 4*h - 6. What is the remainder when p is divided by j(4)?
8
Let x = 4 - 5. What is the remainder when (0 - -42 - x) + -2 is divided by 14?
13
Let i = 39 + 2. Let m(p) = p**3 + p**2 - p + 11. What is the remainder when i is divided by m(0)?
8
Let o = 0 - -17. Let i(n) = -n**2 - 7*n + 2. Let u be i(-7). Let q = u + 7. Calculate the remainder when o is divided by q.
8
Calculate the remainder when 25 - 6 - (-3)/1 is divided by 6.
4
Suppose -19 = -d + 19. Suppose -f = -2*w + 2 + 107, -w + d = 5*f. Calculate the remainder when w is divided by 18.
17
Suppose 4 = -4*d + 140. Let x(u) = -u + 6. Let z be x(6). Suppose 3*q = 2*q + 4, z = 5*h - 4*q - 44. Calculate the remainder when d is divided by h.
10
Let k(l) = l + 20. What is the remainder when k(-9) is divided by (3/2)/((-3)/(-6))?
2
Let p = 250 + -470. Let m be p/18 - 4/(-18). Calculate the remainder when 31 is divided by (-1 - m)*2/2.
9
Suppose i = 3*i - 3*h - 16, 5*h = -2*i + 16. What is the remainder when 16 is divided by (-2 - -1) + 2 + i?
7
What is the remainder when -1 + -1 + -1 + 54 is divided by 27?
24
Suppose 3*o - 20 = -2*o, 5*j - o - 136 = 0. What is the remainder when j is divided by 12/2*2 + 3?
13
Suppose -y - 4*t - 1 + 2 = 0, 5*y - 47 = t. Calculate the remainder when 42 is divided by y.
6
Suppose -1 = w - 2. What is the remainder when (6 - 4)/(w/29) is divided by 15?
13
Let f be (3/2)/(-3)*-8. Let o be (-32)/(-2)*2/f. Suppose 5*c - 7 = o. What is the remainder when c is divided by 2?
1
Let b = 6 - -1. Let f(z) = z**2 - 8*z + 3. Let q be f(b). What is the remainder when q/18 + (-101)/(-9) is divided by 4?
3
Suppose 0 = 5*i + 25, 251 = -2*n + 6*n + i. Let r = -41 + n. What is the remainder when r is divided by 13?
10
Let h be 53*-3*(-2)/3. Let j = h + -52. Calculate the remainder when j is divided by 14.
12
Let k(a) = 14*a**2 + 4*a**2 + 3*a - 3 + 4*a**2. What is the remainder when k(2) is divided by 31?
29
Let b be 3/(-6) - (-5)/2. Suppose 21 + 1 = b*a. Calculate the remainder when 52 is divided by a.
8
Let d be (-2)/(-9) + (-14)/(-18). Suppose 0 = w + d - 3. Suppose c = -w*x + 20, 2*c - 64 = -3*x + 7*x. What is the remainder when c is divided by 9?
8
Let s = 4 - 0. Suppose -j + 59 = s. What is the remainder when j is divided by 14?
13
Let d(p) = p**3 - 14*p**2 + p + 20. Calculate the remainder when d(14) is divided by 12.
10
Let z(k) = k + 6. Let t be (-1 - -11)/(1 + 1). Let l(b) = b**2 + 14*b + 28. What is the remainder when z(t) is divided by l(-12)?
3
Suppose 12*c = -22*c + 748. Suppose 0*q = -2*q + 24. What is the remainder when c is divided by q?
10
Suppose -l - 4*b = -5*l + 48, 0 = 2*l - 4*b - 22. Suppose 2*o - 5 = o. What is the remainder when l is divided by o?
3
Let i(c) be the third derivative of c**6/120 + c**5/15 - 7*c**4/24 - 2*c**3/3 - 2*c**2. What is the remainder when 10 is divided by i(-5)?
4
Suppose x + 4*x + 4*k = 25, 0 = -2*x - 5*k - 7. Suppose 2*y - x = -107. Let b = y + 104. What is the remainder when b is divided by 19?
17
Suppose l = -0*l + 4. Let h = -4 - l. Let a(g) = g**3 + 9*g**2 + 6*g - 11. What is the remainder when 14 is divided by a(h)?
4
What is the remainder when 22 is divided by ((-27)/3)/((-6)/8)?
10
Let n(i) = 11*i - 32. What is the remainder when n(7) is divided by 25?
20
What is the remainder when 211 is divided by ((-371)/14)/((-2)/4)?
52
Let b(z) = -4*z + 6. Suppose -2*p + 44 = -3*o - 66, -o = -3*p + 172. Suppose 3*w + 16 = p. Calculate the remainder when b(-5) is divided by w.
12
Suppose 3*x + 0 = -12, 2 = r + 5*x. What is the remainder when 41 is divided by r?
19
Let m(j) = j**2 + 14. Calculate the remainder when m(0) is divided by 4.
2
Suppose 2*i - i = 10. Let u = -6 + i. Suppose -23 = -u*q + 33. Calculate the remainder when 41 is divided by q.
13
Let k = -85 - -100. Calculate the remainder when 73 is divided by k.
13
Let l(w) = 2*w**3 - 3*w**2 + 2. Let d be l(2). Suppose d = z - 4*z. Calculate the remainder when 1/((z/(-26))/1) is divided by 5.
3
Let x = 9 + -4. Let l(y) = -y**3 + 6*y**2 + 4*y - 3. Let s be l(6). Let b = s - 7. Calculate the remainder when b is divided by x.
4
Let o(r) = r**2 - 3*r - 7. Let l be o(5). Suppose -l*t = -12, -5*t + 62 = -4*d + 178. Calculate the remainder when d is divided by 18.
16
Suppose -3*b - 16 = -4*o + 9, -3*o = -2*b - 18. Let c(z) = z**2 - 17*z - 36. Calculate the remainder when o is divided by c(19).
0
Let m = 28 + -26. What is the remainder when 59 is divided by 116/8 - m/(-4)?
14
Suppose -2*q = -3*q + 26. Calculate the remainder when q is divided by 9.
8
Let l = 78 - 70. Suppose -12 = 2*c - 2. Let m = 20 + c. Calculate the remainder when m is divided by l.
7
Suppose -76 = -t - 2*i, -2*t + 2*i + 68 = -t. Calculate the remainder when t is divided by 20.
12
Let u = -31 - -19. Let w = u - -23. Calculate the remainder when 32 is divided by w.
10
Suppose -4*i - 22 = -42. Calculate the remainder when 15 is divided by i.
0
Suppose -6*y + 5*y + 24 = 0. Calculate the remainder when y is divided by 6.
0
Suppose -4*h + l = -14 - 142, 3*h - 3*l - 117 = 0. What is the remainder when 